 of (7 - 8)*4 - -1889.
5, 13, 29
What are the prime factors of 0 + (-116)/8*-32?
2, 29
Let l = 78 + 288. What are the prime factors of l?
2, 3, 61
Let h be 172/(1 - 8/4). Let p = 100 + h. Let g = -35 - p. What are the prime factors of g?
37
Let h be 370/15 + 2/(-3). Suppose 3*m = 2*i - 3*i + 12, 2*i + 3*m = h. Suppose -5*n = 2*f - 10 + 2, 3*n - i = -3*f. What are the prime factors of f?
2
Suppose -q + 6 = -4*q, 0 = 4*y - 2*q - 4. Suppose y = 329*c - 326*c - 432. What are the prime factors of c?
2, 3
Let c = 1817 - 1283. What are the prime factors of c?
2, 3, 89
Suppose -x - 2 = -2*x. Let v be ((-84)/(-8))/7*x. Suppose -5*s + q + 80 = -v*q, -21 = -3*s - 3*q. What are the prime factors of s?
2, 3
Suppose -495 = -2*u - 9*u. What are the prime factors of -8*(u/(-2))/5?
2, 3
Let u be 2/3*(-12 - -15). Suppose 0 = -5*n - u*o, -o - 5 = -5*n - 2*o. Suppose 0 = -2*m + 3*c + 96, 12 = n*m - 2*c - 88. What are the prime factors of m?
2, 3
Let q be (-40)/35*(-7)/2. Let d be (2*(-2)/4)/(-1). Suppose d - q = -v. List the prime factors of v.
3
Suppose 5*x + 2*y = 0, -6*y + 3*y = -5*x + 25. Suppose 2*t - 310 = -x*i, 2*t - 2*i - 275 = 31. What are the prime factors of t?
2, 7, 11
Suppose 657*x = 669*x - 15096. List the prime factors of x.
2, 17, 37
What are the prime factors of ((-10)/25)/(10/(-21650))?
2, 433
Suppose -43 = -0*i - i. Let q = 55 - i. What are the prime factors of q?
2, 3
Let f(s) = -s**2 + 4*s - 23. Let o(y) = -5*y + 24. Let q(a) = -5*f(a) - 4*o(a). List the prime factors of q(-8).
3, 113
Let a be 1 + (-3387)/12 - (-5)/20. Let j = 495 + a. List the prime factors of j.
2, 107
Let i(m) = 5*m**2 + 14*m - 2. Let u(l) = 9*l**2 + 26*l - 5. Let n(j) = -5*i(j) + 3*u(j). Let x(z) = -z - 11. Let b be x(-5). List the prime factors of n(b).
19
Let a(u) = -6*u**3 + u**2 - 9*u + 2. What are the prime factors of a(-8)?
2, 3, 5, 107
Let y(t) be the third derivative of 0*t - 1/6*t**5 - 5*t**2 - t**3 - 1/120*t**6 + 0 - 1/12*t**4. What are the prime factors of y(-10)?
2, 7
Let w(c) be the first derivative of -c**4/4 + 2*c**3 + c**2 - 2*c + 2. Let l be w(5). Suppose 5*v + 5 = 0, -v - 28 - l = -5*o. What are the prime factors of o?
2, 3
Let a = -388 - -478. What are the prime factors of a?
2, 3, 5
Let b be ((-4)/(-5))/((-12)/30). List the prime factors of 2/b + 2 + 17.
2, 3
Suppose 0 = 3*n + 3*p - 675, 5*n - 800 = -p + 305. List the prime factors of n.
2, 5, 11
Let y be -3 + 58/(4/4). Let h = y - -9. Suppose h = 5*u - 36. What are the prime factors of u?
2, 5
Let x = 21 + 75. List the prime factors of (x/(-28))/(6/(-105)).
2, 3, 5
Suppose 8299 = 30*o - 71081. What are the prime factors of o?
2, 3, 7
Let o(u) be the second derivative of -u**4/12 + 13*u**3/6 + 3*u**2 + 26*u. Let b = -13 - -24. What are the prime factors of o(b)?
2, 7
Let v(t) = -25 - 18 - 4*t + 6*t**2 + 23. What are the prime factors of v(-7)?
2, 151
Suppose 5*w - 7*f + 3*f = 266, 0 = 2*w + 4*f - 84. Let l = -11 + w. List the prime factors of l.
3, 13
Suppose 0*r + 2 = r. Let f(s) = 2 + 3*s**2 + 9*s + 0*s**2 - r*s**2. List the prime factors of f(-10).
2, 3
List the prime factors of 36/162 - 4874/(-18).
271
Suppose 376 = -39*q + 2014. What are the prime factors of q?
2, 3, 7
Let r = 6 + 6. Let n be (-40)/(-16)*r/10. Suppose -n*y + 1 = -8. List the prime factors of y.
3
Suppose 0*l - q = l - 712, 4*l + 5*q - 2845 = 0. What are the prime factors of l?
5, 11, 13
Suppose -4*k - 3793 = -5*i, 3*i + k - 2427 = -158. What are the prime factors of i?
757
Let r(k) = 6*k**2 - 49*k + 13. List the prime factors of r(9).
2, 29
Let u(k) = k**3 - 2*k + 1. Let o be u(2). Let f(h) be the first derivative of 2*h**3/3 - 2*h**2 + 7*h + 67. What are the prime factors of f(o)?
37
Suppose 0 = 4*v + 2*q - 345 + 99, 0 = -3*v - 4*q + 177. Let o = -9 + v. List the prime factors of o.
2, 3
Let t(u) = -5*u - 23. Suppose z + 35 = -3*v, 7*v + 3*z + 55 = 3*v. What are the prime factors of t(v)?
3
Suppose -3*t + 3 = -0, 2*t - 42 = -5*i. Let r(o) = -1 - 2*o + 0*o - o**2 + i*o**2 + o**3. What are the prime factors of r(-7)?
13
Suppose -2*u - 4*x - 12 = 2, -u + 3*x = -18. Suppose 2*a + u*a - 160 = 0. Suppose 3*l - 1 = a. What are the prime factors of l?
11
Suppose -4*h = -j + 1012, -4*j - 5*h + 4972 = 987. What are the prime factors of j?
2, 5
Let q(z) = z**2 - 7*z + 10. Let t = -34 - -66. Suppose 5*v - 2*c = -c + 36, -t = -5*v + 2*c. List the prime factors of q(v).
2, 3
Suppose -2*z + 7320 = 1896. List the prime factors of z.
2, 3, 113
Let y be (-1)/(-2 + 38/18). Suppose 0 = -3*s - 15, 106 = 3*r - 6*s + 10*s. Let z = r + y. List the prime factors of z.
3, 11
Let l = 312 + -173. Suppose l = 13*i - 2864. What are the prime factors of i?
3, 7, 11
Suppose 0 = -9*y + 969 + 1974. What are the prime factors of y?
3, 109
Suppose -5*b + 4*u = -7601, 5*b - 14*u + 19*u - 7610 = 0. List the prime factors of b.
3, 13
Suppose 4*z - z = 1134. What are the prime factors of z?
2, 3, 7
Suppose -6*k + 2*k = 8. Let h = -2 + k. List the prime factors of -1*(100 + 0)/h.
5
Suppose 6 = -4*n + 3*n - 4*x, 2*x - 8 = 0. List the prime factors of 1/((-12)/8 - -1) - n.
2, 5
Suppose 5*b - 2195 = -4*i, -13*b + 12*b + 410 = -5*i. List the prime factors of b.
3, 5, 29
Let r(v) = 1 + 3*v + 4*v - 1 - 20. What are the prime factors of r(6)?
2, 11
Let m be 0*(-1 + (-6)/(-9)). Suppose m = -2*p + 1909 - 719. What are the prime factors of ((-8)/(-10))/(14/p)?
2, 17
Suppose -1 = s - 3. Suppose 0 = -0*z - 3*z - 6, 0 = -4*t - s*z + 8. Suppose -4*i = 3*h - 5, 25 = 2*i - 0*h - t*h. List the prime factors of i.
5
Suppose 6*z - 132 = 5*z. Suppose b + 184 = 4*b + s, 3*s = -2*b + z. What are the prime factors of b?
2, 3, 5
Let i(t) = 2*t**2 + 28*t - 11. What are the prime factors of i(-25)?
7, 11
Suppose 490 = -15*u + 5*u. Let l = u + 157. What are the prime factors of l?
2, 3
Suppose 0 = -9*u + 5*u + 748. Let s = u - 47. List the prime factors of s.
2, 5, 7
Let q(c) = -1921*c**2 - c**3 + 3*c + 1916*c**2 - 1 - 1. Suppose h + 2 + 4 = 0. List the prime factors of q(h).
2
Suppose -152 = 58*f - 20*f. Let t = -15 - -10. What are the prime factors of t - (f - 0) - -28?
3
Let z = 966 - 655. What are the prime factors of z?
311
Suppose -7*m - 6 = -10*m. Suppose 0 = -2*i + 5*i - 5*w - 782, m*i - 524 = 2*w. List the prime factors of i.
2, 3, 11
Suppose -2*v + 5*n + 1674 = 0, 28*v = 25*v - 5*n + 2511. What are the prime factors of v?
3, 31
Let f = -1 + 7. Let o = -4 - f. Let n = 26 + o. List the prime factors of n.
2
Suppose -149 = -8*w + 347. Let o = w + 6. List the prime factors of o.
2, 17
Let a(c) = -c**2 - 17*c - 13. Let b(o) = -o**3 - 3*o**2 - 11*o - 9. Let v be b(-7). Let d be (-10)/(-65) + v/(-26). List the prime factors of a(d).
3, 19
Let n(o) = -4*o**3 - 3*o**2 + o + 2. Let w be n(-2). Let f = -256 - -283. Let v = f - w. What are the prime factors of v?
7
Let z = -76 - 121. What are the prime factors of 5 - z - -5 - 3?
2, 3, 17
Suppose 3*z - 5*b = 6*z - 453, -2*b + 462 = 3*z. What are the prime factors of z?
2, 3, 13
Suppose -i - 2*t + 456 = 0, 3*i - 17*t = -18*t + 1393. What are the prime factors of i?
2, 233
Suppose n - 877 = -5*j, -4*n - 16*j + 12*j + 3444 = 0. What are the prime factors of n?
857
Suppose 0 = -2*u + i + 5, -2*u + i = -3*i + 10. Let j = 6 + -2. Suppose j*m + 17 = u*m + s, -3*m + 5*s + 67 = 0. What are the prime factors of m?
19
Let p = 23 - -10. Let z = -1 + 3. Suppose -z*a - a + p = 0. List the prime factors of a.
11
Let x = -6 + 11. Suppose x*l + 4 = 24. Suppose l*f - 80 = 64. What are the prime factors of f?
2, 3
Let m(b) = 25*b**2 + 11*b + 35. What are the prime factors of m(6)?
7, 11, 13
Suppose 4*n + 2*h = 30, -3 = 5*n - 3*h - 13. Suppose -n*a + 555 + 125 = 0. List the prime factors of a.
2, 17
Let f = -859 + 2230. What are the prime factors of f?
3, 457
Let j(f) = -2*f + 11. Suppose 2*o + 66 = 4*p, -6*p + p - 5*o = -75. Suppose -p - 19 = 5*g + 4*h, h + 6 = -g. What are the prime factors of j(g)?
3, 11
Suppose -2*g - 9 = -5*g. Suppose 0 = 2*b + g*b - 55. Suppose b*l = 6*l + 110. List the prime factors of l.
2, 11
Let k be (1 - 8/4) + 5. Suppose -2*i = 2*h - 8, 3*i + 4 = 2*h - k. Suppose 3*w - 30 = -i*w. List the prime factors of w.
2, 5
Suppose z = 2*v - 673, 16*z - 675 = -2*v + 15*z. What are the prime factors of v?
337
Let k(i) be the second derivative of i